git of i?
7
Let t(r) = 42*r - 5. Let b be t(3). Let w = b + -114. Suppose -w*d + 702 = -341. What is the hundreds digit of d?
1
Let g = -19908 + 39782. What is the ten thousands digit of g?
1
Let r(x) = x**3 - 28*x**2 + 27*x + 2. Let u be r(27). Suppose 0 = -u*c - c - 2*m, c = 3*m. Suppose c = 3*j - 92 - 124. What is the units digit of j?
2
Let p be 1 + 1 + (-1238)/(-1). Suppose 24*a - 416 = -2*a. What is the tens digit of 8/10*p/a?
6
Suppose 6*r + 143325 = 19*r. Suppose 15*i + 10*i = r. What is the units digit of i?
1
Let j(y) = -y**3 + 10*y**2 + 2*y - 16. Let a be j(10). Let g be 10/8*a/1. Suppose g*h - 2*h = 156. What is the tens digit of h?
5
Let r(z) be the second derivative of -34*z**2 - 24*z - 5/3*z**3 + 0. What is the tens digit of r(-8)?
1
Suppose 15*p = -24 + 69. Let u be p/((6/3)/2). Suppose -5*m - u*c + 227 = -341, -5*c = m - 118. What is the tens digit of m?
1
Suppose -18 + 15 = 3*x, 70599 = 5*s + x. What is the units digit of s?
0
Suppose 0 = 3*m + f - 4*f - 549, -2*m - f + 360 = 0. Suppose s + 3*y - 94 = m, -s = 2*y - 273. What is the tens digit of s?
6
Let m(r) = -r**2 + 18*r - 77. Let g be m(11). Suppose g = -12*a + 6*a + 1296. What is the hundreds digit of a?
2
Let x(p) = 4*p**2 + 9*p + 20. Suppose 95 + 79 = -29*r. What is the units digit of x(r)?
0
Let w(x) = x**3 + 8*x**2 + 8*x + 4. Let f be w(-7). Let v = -3 + f. What is the tens digit of (10 - 1)*9*(-10)/v?
3
Let r(t) = -893*t - 35. Let u = -530 + 529. What is the tens digit of r(u)?
5
Suppose -653554 = -10*v - 26*v + 105254. What is the thousands digit of v?
1
Suppose 0 = -4*v - 4*a + 204968, -6*v - a = -v - 256238. What is the tens digit of v?
4
Let v be (3 + 84/(-20))/((-14)/35). Suppose 2*b - b - 519 = -v*m, -4*b + 3*m = -2106. What is the hundreds digit of b?
5
Let y = -20 - -30. Suppose y = -4*o - 10. What is the hundreds digit of 1 + 180 - o - -5?
1
Let s be 26*(-6 + (-42)/(-12)). Let b = s - -317. What is the units digit of b?
2
Suppose 3*t - 2*u = -3*u + 12, 8 = 2*t + 5*u. Let x(s) = -s**3 + 5*s**2 + 6*s - 3. What is the tens digit of x(t)?
3
Let u = -1165 - -5370. What is the thousands digit of u?
4
Let x be 483/35 - (-4)/(-5). Let t(y) = 30*y - 27. What is the hundreds digit of t(x)?
3
Suppose 0 = -54*c - 61*c + 2732170. What is the units digit of c?
8
Let t(w) = -w**2 + 35*w - 28. Let u be t(13). Suppose 0*k - 5*k - 30 = -i, -2*k = 5*i - u. What is the tens digit of i?
5
Suppose 63869 = 10*v - 24981. What is the tens digit of v?
8
Suppose 55*c = 50*c - y - 20, 4*c - 2*y = -30. What is the hundreds digit of (-12)/(-20) + -5 + (-4437)/c?
8
Let k be ((-10)/25)/((-1)/(-20)). What is the hundreds digit of k + (1 - (-4152)/4)?
0
Let o be 19 + 0*(3 + -4)/1. Suppose -17*c - 2206 = -o*c. What is the tens digit of (-45)/(-105) + c/7?
5
Let n be (-84)/294 - (-17378)/14. Suppose 5*m = -3*t + 473 + n, t + 679 = 2*m. What is the units digit of m?
1
Let n(p) = 4*p - 100. Let j be n(24). What is the hundreds digit of 381056/572 - j/(-22)?
6
Let i(t) = -t + 30. Let x be i(8). Suppose 0 = 17*f - x*f + 5. Let p(c) = 129*c + 2. What is the tens digit of p(f)?
3
Let t = 481 + -474. Let a(j) = -2*j**3 - 3*j**2 - 4*j. Let v be a(-3). Suppose t*n - 59 = v. What is the units digit of n?
4
Let x be (-28)/6*37092/(-154). What is the units digit of (x - 32)*9/12?
9
Suppose 0 = -6*s - 6*s - 4668. Let d = s - -546. What is the units digit of d?
7
Suppose -4*g + 13*g - 7029 = 0. Suppose -3*c + 3*b + 287 = -g, -3*c = 4*b - 1082. What is the units digit of c?
8
Suppose 0 = 4*k + 3*n - 5029 - 19627, k - 6164 = 3*n. What is the hundreds digit of k?
1
Let h(o) = 242*o + 487. Let d be h(-2). Let j(w) = -125*w - 5. Let x(c) = -187*c - 7. Let q(f) = -8*j(f) + 5*x(f). What is the hundreds digit of q(d)?
2
Let h(w) = -w**2 - 19*w + 69. Let s be h(-22). Suppose 0 = 2*d - s*v - 1618, 1970 = 4*d - v - 1266. What is the hundreds digit of d?
8
Suppose -11 + 1 = 2*p, 2*w - 2*p + 6 = 0. Let r be (-132)/w + (-4)/(-8). Let i = r - 16. What is the units digit of i?
1
Suppose -3683 = -16*f + 125. What is the units digit of f?
8
Let n(h) = h + 24. Let g be n(-8). Let u(d) = 23*d - 106. Let i(k) = -8*k + 35. Let m(y) = 8*i(y) + 3*u(y). What is the units digit of m(g)?
2
Suppose 2*c + 2310 = -5*s + 10*s, s + 2*c = 450. Suppose -5*r - s = -2470. What is the hundreds digit of r?
4
Let f(w) = 1 + w**2 + 5*w - 91 + 18*w - 5*w. What is the units digit of f(7)?
5
Let o(y) = 3185*y + 1474. What is the thousands digit of o(7)?
3
Let v = 358 + -248. Suppose v = n - b, 0*b = -4*b + 4. What is the units digit of n?
1
Let y(s) = -s**2 - 10*s. Let n be y(-9). Suppose n*m = 3*m - 1392. Let l = -109 - m. What is the tens digit of l?
2
Let z be 9/6*-4*(-1)/2. Suppose 5*o - z = 22. Suppose 3*w + 316 = 5*g + 4*w, 0 = o*g - w - 314. What is the tens digit of g?
6
Let v(k) = 6*k**2 - 43*k + 456. What is the hundreds digit of v(16)?
3
Let f(l) = 402*l**2 + 19*l - 35. What is the ten thousands digit of f(5)?
1
Suppose -41*f + 28421 = -61205. What is the tens digit of f?
8
Suppose 5*m - 7*p + 250 = -6*p, m + 2*p = -39. What is the units digit of ((252/m)/(-12))/((-1)/(-2177))?
3
Let q(b) = 3*b**3 - 41*b**2 + 25*b + 8. What is the tens digit of q(18)?
7
Suppose -o = 1, -5*o - 25629 = -4*n - 8980. What is the hundreds digit of n?
1
Let z be ((-732)/10 + 6)/((-2)/(-10)). Let t be -4*(-3)/12*z. Let r = 522 + t. What is the hundreds digit of r?
1
Let k = 6 - -55. Let r = 65 - k. Suppose r*s = 182 + 206. What is the tens digit of s?
9
Suppose -24*c + 13241 = -10351. Let a = c - 183. What is the tens digit of a?
0
Let x = 119 + 7. Suppose k = -2*w + 2*k + x, 0 = 3*k. Suppose 0 = 3*p - 105 - w. What is the units digit of p?
6
Suppose -3*f - 28 = i + 50, 2*f + 63 = 3*i. Let v = -4 - -7. What is the tens digit of (-1 - (-2)/v) + (-495)/f?
1
Suppose -91*q = -99*q + 168. Suppose n = -q*n + 7524. What is the hundreds digit of n?
3
Suppose 0 = 4*w - 2*w + 2, 3*l - 55867 = -2*w. What is the units digit of l?
3
Suppose -6*c + 16 = -2*c. Suppose -o - j = 1, c*j = -3*o + 5*o - 28. Suppose -o*n + 5*n - 29 = 0. What is the units digit of n?
9
Suppose 0 = 2*l - 5*l + 6, -2*l - 4 = -2*c. Suppose 12 = -3*k + q - 5, c*k + 4*q = 4. What is the tens digit of k/(-10)*(-215)/(-1)?
8
Let u(w) = 55*w - 106. What is the tens digit of u(3)?
5
Let z(x) = 415*x**3 + 11*x**2 - 4*x - 65. What is the tens digit of z(3)?
2
What is the hundreds digit of (-17 + (-952)/(-32))/((-3)/(-5288))?
4
Let m(g) = -2*g**3 - 3*g**2 - 2. Let d be m(-2). Suppose 5*w - 3*r - 1242 = 2*w, d*w - r = 830. What is the units digit of w?
6
Let p be ((-3)/(-4))/((-33)/(-4) + -8). Suppose p*d - 1213 = -4*j, -10*j + 6*j - 2*d + 1214 = 0. What is the hundreds digit of j?
3
Let r(x) = -2*x**3 + 27*x**2 + 11*x - 9. Let n be r(12). Suppose 151 = -2*s + n. What is the units digit of s?
2
Suppose -4*w + f - 5*f + 92 = 0, 4*w = -5*f + 87. What is the units digit of (8 - (-116)/16)*(0 + w)?
7
Let h = -3054 - -10590. What is the tens digit of h?
3
What is the units digit of 10831 + 133/(-19) + -13?
1
Suppose -27*k = -71*k + 14784. Let p = k - -7. What is the hundreds digit of p?
3
Let x(p) = p**2 - 2*p + 6. Let j be x(0). What is the thousands digit of 13/(-26)*(-14412)/j?
1
Let m be ((-15906)/24)/11 + (-1)/(-4). Let a = 104 + m. Suppose 2*u = 4, s - 4*s - 4*u = -a. What is the tens digit of s?
1
Suppose -10*x = -19*x - 8586. Let n be 58/87*x/4. Let m = -73 - n. What is the tens digit of m?
8
Let f(q) = q**3 + 9*q**2 + 10*q - 1. Let m be f(-7). Let v = 679 - 657. Let x = m - v. What is the units digit of x?
5
Let m be 4/(1*5/(-35)). Let g = m + 309. What is the tens digit of g?
8
Suppose 5*q = -5*o - 9 + 19, -1 = o. Suppose q*p + 0*p + 731 = g, -p = 4*g - 2976. What is the hundreds digit of g?
7
Let i(d) = -9*d - 9. Suppose -4*y = -5*p - 89, -84 = 5*p - 5*y + 1. What is the units digit of i(p)?
0
Suppose -30 + 107 = 5*n + 3*g, -g = 3*n - 47. What is the tens digit of (-251)/(-2) + (8 - 136/n)?
2
Suppose -y + 3 = 7. Let w be -3 + (-1700)/y - (0 + 2). Suppose 3*x + r = 244, -5*r = -0*x + 5*x - w. What is the tens digit of x?
8
Suppose 5*u - 12057 = -2*j + 8013, -3*j = -3*u + 12063. Let x = u + -2825. What is the thousands digit of x?
1
Let s(l) = 7*l - l**2 - 7*l + 8*l + 14. Let d be (-776)/(-88) - (-6)/33